of 1116?
1
What is the thousands digit of 180265?
0
What is the tens digit of 22615?
1
What is the hundreds digit of 81619?
6
What is the units digit of 1073?
3
What is the hundreds digit of 106735?
7
What is the units digit of 5441?
1
What is the tens digit of 39231?
3
What is the hundreds digit of 3695?
6
What is the thousands digit of 6602?
6
What is the tens digit of 5790?
9
What is the thousands digit of 82429?
2
What is the thousands digit of 9415?
9
What is the thousands digit of 61137?
1
What is the units digit of 2693?
3
What is the thousands digit of 2718?
2
What is the units digit of 4791?
1
What is the units digit of 9988?
8
What is the tens digit of 36913?
1
What is the hundreds digit of 3555?
5
What is the units digit of 37988?
8
What is the thousands digit of 15759?
5
What is the thousands digit of 1190?
1
What is the units digit of 1042?
2
What is the hundreds digit of 1077?
0
What is the tens digit of 13176?
7
What is the units digit of 42505?
5
What is the units digit of 9507?
7
What is the units digit of 9239?
9
What is the units digit of 57028?
8
What is the tens digit of 15692?
9
What is the thousands digit of 9937?
9
What is the tens digit of 734?
3
What is the tens digit of 1883?
8
What is the hundreds digit of 1282?
2
What is the tens digit of 1356?
5
What is the units digit of 16338?
8
What is the thousands digit of 15666?
5
What is the units digit of 12118?
8
What is the hundreds digit of 14509?
5
What is the thousands digit of 4508?
4
What is the hundreds digit of 6162?
1
What is the hundreds digit of 999?
9
What is the hundreds digit of 19489?
4
What is the units digit of 21695?
5
What is the tens digit of 46330?
3
What is the hundreds digit of 9369?
3
What is the hundreds digit of 49290?
2
What is the units digit of 840?
0
What is the thousands digit of 6233?
6
What is the thousands digit of 36527?
6
What is the hundreds digit of 4718?
7
What is the hundreds digit of 204?
2
What is the units digit of 6651?
1
What is the thousands digit of 8721?
8
What is the hundreds digit of 4658?
6
What is the hundreds digit of 47073?
0
What is the units digit of 471?
1
What is the thousands digit of 7569?
7
What is the tens digit of 1498?
9
What is the tens digit of 1906?
0
What is the thousands digit of 42456?
2
What is the hundreds digit of 16623?
6
What is the tens digit of 1433?
3
What is the thousands digit of 69196?
9
What is the tens digit of 443?
4
What is the units digit of 8884?
4
What is the hundreds digit of 3277?
2
What is the tens digit of 2135?
3
What is the tens digit of 78?
7
What is the ten thousands digit of 78488?
7
What is the units digit of 1676?
6
What is the hundreds digit of 44419?
4
What is the tens digit of 61015?
1
What is the hundreds digit of 11858?
8
What is the units digit of 395?
5
What is the units digit of 602?
2
What is the units digit of 7036?
6
What is the hundreds digit of 933?
9
What is the thousands digit of 37979?
7
What is the tens digit of 1024?
2
What is the ten thousands digit of 14116?
1
What is the tens digit of 4435?
3
What is the thousands digit of 3264?
3
What is the thousands digit of 1169?
1
What is the thousands digit of 2877?
2
What is the units digit of 26374?
4
What is the thousands digit of 1412?
1
What is the ten thousands digit of 77014?
7
What is the thousands digit of 1653?
1
What is the hundreds digit of 18408?
4
What is the thousands digit of 14480?
4
What is the units digit of 835?
5
What is the ten thousands digit of 106709?
0
What is the tens digit of 856?
5
What is the tens digit of 247?
4
What is the units digit of 113?
3
What is the ten thousands digit of 34402?
3
What is the tens digit of 408?
0
What is the thousands digit of 2104?
2
What is the hundreds digit of 31032?
0
What is the thousands digit of 2238?
2
What is the hundreds digit of 5765?
7
What is the hundreds digit of 1590?
5
What is the thousands digit of 27422?
7
What is the hundreds digit of 1519?
5
What is the units digit of 40672?
2
What is the thousands digit of 1442?
1
What is the units digit of 1505?
5
What is the units digit of 3973?
3
What is the hundreds digit of 101730?
7
What is the ten thousands digit of 51594?
5
What is the tens digit of 1010?
1
What is the thousands digit of 2422?
2
What is the tens digit of 1536?
3
What is the ten thousands digit of 43113?
4
What is the ten thousands digit of 42755?
4
What is the hundreds digit of 62841?
8
What is the ten thousands digit of 87445?
8
What is the thousands digit of 9009?
9
What is the hundreds digit of 129996?
9
What is the units digit of 92250?
0
What is the tens digit of 10309?
0
What is the thousands digit of 12069?
2
What is the tens digit of 846?
4
What is the hundreds digit of 48019?
0
What is the units digit of 4486?
6
What is the tens digit of 2904?
0
What is the tens digit of 10060?
6
What is the ten thousands digit of 20080?
2
What is the ten thousands digit of 45004?
4
What is the thousands digit of 2868?
2
What is the thousands digit of 8982?
8
What is the units digit of 5614?
4
What is the units digit of 18623?
3
What is the units digit of 9692?
2
What is the thousands digit of 3295?
3
What is the hundreds digit of 5063?
0
What is the hundreds digit of 35925?
9
What is the units digit of 6407?
7
What is the tens digit of 4707?
0
What is the units digit of 16288?
8
What is the ten thousands digit of 11412?
1
What is the units digit of 198?
8
What is the tens digit of 14536?
3
What is the units digit of 1802?
2
What is the hundreds digit of 3760?
7
What is the units digit of 65479?
9
What is the thousands digit of 6548?
6
What is the hundreds digit of 169?
1
What is the thousands digit of 58163?
8
What is the hundreds digit of 46264?
2
What is the hundreds digit of 4098?
0
What is the thousands digit of 43496?
3
What is the ten thousands digit of 21259?
2
What is the hundreds digit of 114003?
0
What is the hundreds digit of 1610?
6
What is the units digit of 7943?
3
What is the tens digit of 1103?
0
What is the thousands digit of 2159?
2
What is the thousands digit of 76412?
6
What is the hundreds digit of 17957?
9
What is the ten thousands digit of 10887?
1
What is the tens digit of 516?
1
What is the tens digit of 21151?
5
What is the hundreds digit of 549?
5
What is the thousands digit of 81635?
1
What is the units digit of 20?
0
What is the units digit of 1234?
4
What is the hundreds digit of 1219?
2
What is the tens digit of 4551?
5
What is the units digit of 5231?
1
What is the ten thousands digit of 25024?
2
What is the hundreds digit of 20503?
5
What is the hundreds digit of 169?
1
What is the tens digit of 59804?
0
What is the units digit of 32396?
6
What is the thousands digit of 1601?
1
What is the tens digit of 287?
8
What is the units digit of 89213?
3
What is the hundreds digit of 1768?
7
What is the hundreds digit of 1122?
1
What is the units digit of 1103?
3
What is the ten thousands digit of 60068?
6
What is the tens digit of 17415?
1
What is the units digit of 9220?
0
What is the tens digit of 1498?
9
What is the tens digit of 134?
3
What is the units digit of 4793?
3
What is the thousands digit of 85609?
5
What is the units digit of 539?
9
What is the thousands digit of 9104?
9
What is the units digit of 5289?
9
What is the hundreds digit of 18230?
2
What is the thousands digit of 31303?
1
What is the hundreds digit of 382?
3
What is the units digit of 7912?
2
What is the tens digit of 7750?
5
What is the tens digit of 1498?
9
What is the tens digit of 4270?
7
What is the tens digit of 49016?
1
What is the tens digit of 2814?
1
What is the ten thousands digit of 33498?
3
What is the hundreds digit of 9265?
2
What is the hundreds digit of 65421?
4
What is the thousands digit of 3464?
3
What is the hundreds digit of 47787?
7
What is the thousands digit of 2322?
2
What is the tens digit of 10905?
0
What is the thousands digit of 14902?
4
What is the thousands digit of 12778?
2
What is the hundreds digit of 3242?
2
What is the units digit of 2728?
8
What is the tens digit of 41916?
1
What is the tens digit of 358?
5
What is the thousands digit of 9766?
9
What is the tens digit of 8507?
0
What is the ten thousands digit of 18344?
1
What is the tens digit of 797?
9
What is the tens digit of 9935?
3
What is 